 15*k**2/2 + 1754*k. Is v(f) prime?
False
Let h be 194*((-2)/(-3) - 530/(-60)). Suppose -z = -2*d - 2*z - h, -5*d - 2*z - 4610 = 0. Let j = d - -1601. Is j a prime number?
True
Let d(c) = -2 + 5 + 0 - 4 + 99*c. Let j be d(6). Suppose -4*q + 595 = a, 0 = -2*a + 3*a + 3*q - j. Is a a composite number?
False
Suppose 145*l - 2636177 = 104*l. Is l composite?
True
Let d(k) be the third derivative of 7*k**6/120 + 3*k**4/8 - 5*k**3/6 + k**2 - 16*k. Is d(3) a prime number?
True
Let m(n) = 7*n - 80. Let y be m(12). Suppose -13*a + y*a = -46881. Is a a composite number?
False
Let r be (-34)/51 - (-1 + 410/6). Let x = r + 76. Suppose 2*n + 1506 = x*n. Is n a composite number?
False
Let g(h) = 7 - h - 4 + 282*h**2 + 6*h. Let x be g(-3). Suppose -6*q + x = -3*q - 3*j, 2*q - 3*j - 1685 = 0. Is q composite?
True
Let a(c) be the second derivative of -899*c**3/6 + 15*c**2/2 - 10*c. Let m be a(-4). Suppose -4*g + m = 5*k, -2*g + 2145 = 3*k - 5*g. Is k composite?
False
Let g(f) = 275*f + 38. Let m(s) = -412*s - 57. Let j(y) = 7*g(y) + 5*m(y). Is j(-11) a composite number?
True
Let c(b) = 6*b**3 + 154 - 68 + 13*b**2 - 6*b**2 - 79 - 5*b. Suppose 1 + 9 = 2*q. Is c(q) a prime number?
True
Let c(w) = -23*w**2 - 11*w - 120. Let a be c(30). Let p = a - -31555. Is p composite?
True
Suppose 5*l = -72*x + 77*x + 4985615, -l - x = -997111. Is l a composite number?
True
Suppose 12*a - 45227 = 734041. Is a a composite number?
True
Suppose 49*q - 1606100 = 2911455. Is q composite?
True
Suppose 0 = 4*y + 3*f - 780745, -58*y + 55*y + 585606 = -3*f. Is y composite?
False
Suppose 3*m + 139299 = 6*m. Is m a prime number?
False
Suppose 6787689 = 14*r + 2569447. Is r a composite number?
False
Suppose -6*a - 19 = -91. Let z be a/7*-2*(-14)/4. Suppose -z*p + 10*p + 934 = 0. Is p a composite number?
False
Suppose 0*b + 3*b = j - 439, -b - 898 = -2*j. Let r(p) = -7*p + 164*p**3 - 7 - 3*p**2 - p**2 - j*p**3. Is r(-2) composite?
False
Suppose -122097 = 110*d - 681667. Is d composite?
False
Let s = 2496539 + -1373428. Is s a prime number?
False
Let s(c) = 79*c**2 + 3*c + 7. Let y be s(4). Let w = y + -723. Let q = w - 349. Is q a composite number?
False
Suppose 40*m = 45*m - 1566 - 1599. Suppose -5*f - 1094 = -3*q - 5892, -2*f - q + 1917 = 0. Let j = f - m. Is j composite?
True
Suppose -21*d + 16*d + 327333 = 4*v, -2*d = 3*v - 130936. Is d a composite number?
True
Suppose 5*t - 530465 = -5*k, -5*t + 18*k + 530429 = 17*k. Is t prime?
True
Suppose 1693 = 2*n - 1669. Let p = n + -1190. Is p composite?
False
Suppose y + 1798 = -5*h, h - y + 6*y = -374. Let z = 140 - h. Is z prime?
True
Let m = -48 - -58. Let i(c) = -m + 5 + 11 + 2*c**2 - 27*c + 15. Is i(-20) a prime number?
True
Suppose 17*n - 198862 = -18*n + 33*n. Is n a prime number?
True
Let t = -121437 - -727610. Is t composite?
False
Let k = 414 - 409. Suppose -16808 = -k*c + 7562. Is c prime?
False
Suppose -4*m - 64 = 4*m. Let z be m/(-2) - (1 - 4037). Suppose -4*p - 2*y = -z, 5*p - y = 2788 + 2269. Is p a prime number?
False
Let y(c) = -13*c - 10 - 1 - 121*c. Let m be y(-5). Suppose 5*n - m - 791 = 5*z, -z - 1454 = -5*n. Is n prime?
False
Let z = 5189 + 32133. Is z composite?
True
Let k(o) = -10*o + 17. Let f(u) be the second derivative of 29*u**3/6 - 51*u**2/2 - 9*u. Let w(y) = -2*f(y) - 7*k(y). Is w(5) composite?
False
Let g be 126/12*16/(-12). Let r(q) = 2*q + 30. Let y be r(g). Suppose y*l - 7*l + 825 = -4*d, -5*d = 4*l - 619. Is l composite?
True
Let p(v) = -229*v + 9. Let i be (-6)/(-27) - (-58)/(-18) - -4. Let b be p(i). Let x = b - -343. Is x a composite number?
True
Suppose -122*w + 1729 = -115*w. Suppose w + 1575 = 2*o. Is o a composite number?
False
Suppose -10323 + 616027 = 5*k - q, -3*k + 363453 = -4*q. Is k prime?
True
Let t(h) = 1878*h - 389. Is t(37) prime?
False
Let s = -1350 - -2519. Let x(a) = 1533*a**2 - 83 + s*a**2 + 84 + 2*a. Is x(1) prime?
False
Suppose -4*r + 29 = 3*z, -4*r = 2*z - 24 - 2. Suppose 8204 = 5*q + z*s, -3*s = -12*q + 10*q + 3269. Is q composite?
True
Let l(h) = 139*h - 8652. Is l(109) a prime number?
False
Let n = 54 - 51. Suppose -2*d + 12 = 3*d + 3*l, n*d - 4*l = -16. Is (-1)/5 - (d + 23508/(-15)) a composite number?
False
Let p = -409 + 413. Is (4106/p)/(-6 - (-156)/24) composite?
False
Let q(p) = -32*p**3 + 10*p**2 + 136*p + 179. Is q(-29) a composite number?
False
Suppose 42*c - 18*c + 720 = 0. Is ((-170020)/c)/((-10)/(-15)) a prime number?
True
Is (203 - 212) + (-309352)/(-2) a prime number?
True
Let s(x) = 74226*x**2 - 74*x + 153. Is s(2) prime?
True
Suppose y + 129*j - 131*j - 384343 = 0, -j = -8. Is y composite?
False
Let z = 234373 + -129216. Is z a prime number?
False
Let s(a) = -a**3 - 10*a**2 + 11*a + 2. Let z be s(-11). Suppose -66 = -5*u + z*n, -69 = u - 6*u + 3*n. Is (1 - 270)/(7 + (-88)/u) prime?
False
Suppose -14615 = -2*v - 3*c + 5819, -v - 4*c + 10207 = 0. Is v a prime number?
True
Suppose -n + x - 2*x = 3, 3*x = -6. Is 603 + (-2 - n)/(5/20) composite?
False
Suppose z = -4*i + 340969, 2*z + 174521 - 856433 = 5*i. Is z prime?
False
Let w(s) = -104179*s + 588. Is w(-1) a composite number?
True
Let q be 152/114*18/4. Is (-2 + 56096/q)*9/6 a prime number?
False
Let o be 23 - (6/3 + 0). Let n be (-16785)/(-2) - (o/(-6) - -2). Suppose -6*f + 0*f = -n. Is f a prime number?
True
Let s be 0/(-1 + (-3 - -2))*1. Suppose -b - w - w - 7 = s, 0 = -w - 5. Suppose 12 = 4*z, -2*p - b*z + 348 = -243. Is p a composite number?
True
Let z(q) = 6*q**3 - 6*q**2 - 7*q + 12. Suppose -11*j + 675 = -777. Let c be ((-33)/j)/(2/(-40)). Is z(c) composite?
False
Is 335/134 + (-801521)/(-2) prime?
False
Let x = 175 - 170. Suppose -b = x*l + 2*b - 12955, 2*l + 5*b = 5163. Is l composite?
True
Let q = -13029 - -6663. Let m be q/(7/((-21)/6)). Suppose 5*f + m = 8*f. Is f composite?
False
Let m(j) = -j**3 - 11*j**2 - 12*j - 16. Let o be m(-10). Suppose -o*b = -8429 - 2799. Is b a prime number?
False
Let h be (-7196)/((18/6)/3). Let r = h - -10973. Is r a composite number?
True
Let b be (-3 - -17)/1 - (0 - 3). Let d(w) = w**3 - 16*w**2 - 19*w + 36. Let l be d(b). Suppose t + 0*t = -1, 0 = l*z + 5*t - 2133. Is z a prime number?
True
Let m = 93018 + -52045. Is m a composite number?
False
Let o be 387 - (-7)/(56/(-12))*2. Suppose 13*f - o - 1631 = 0. Is f prime?
False
Let u = 127336 - 82383. Is u prime?
True
Is 95913/3 + (32 - 34) composite?
True
Let a = 106 + -100. Is 4038 + -2 + -5 + a composite?
True
Let w(g) = 2*g**3 + 4*g**2 - g + 5261. Let o = 228 + -228. Is w(o) a prime number?
True
Suppose 0 = 86*j - 0*j + 2302138 - 11378664. Is j a composite number?
False
Suppose 55*v + 2928 = 58*v. Let k = v + -2398. Let q = 2429 + k. Is q prime?
False
Let n(j) = 937*j**2 + 103*j - 727. Is n(33) a composite number?
True
Let f(o) = o**3 + 27*o**2 + 7*o - 4. Let y(v) = -18*v**2 - 14*v + 15. Let j be y(1). Is f(j) prime?
True
Let x(j) = j**2 + 13*j + 12. Let g be x(-11). Is (4/((-8)/(-7)))/(g/(-2740)) prime?
False
Let i = 704 - -347195. Is i a composite number?
False
Let g be ((-30)/(-8))/(9/12). Suppose s - g*j = 1067, s + s = -j + 2145. Let h = s - 581. Is h prime?
True
Suppose -3*n + 954681 = -4*w, -11*n + 11*w + 1272925 = -7*n. Is n a prime number?
False
Let f(k) = -38*k**3 - 13*k**2 + 14*k + 36. Is f(-7) a prime number?
False
Let f(x) be the third derivative of 1/6*x**3 + 1/15*x**5 + 15*x**2 - 1/4*x**4 + 0 + 0*x. Is f(-9) prime?
True
Suppose -3846736 = -76*s + 67*s - 525853. Is s composite?
True
Suppose 483*r - 514*r = -3732325 - 6816324. Is r composite?
True
Let y(j) = 441*j - 8. Let l = -282 + 289. Is y(l) a composite number?
False
Let j = -167 + 185. Is (-1 - (-22)/j) + (-58808)/(-72) a composite number?
True
Let i = -1629 + 4089. Suppose x - m = i, 3287 = 4*x + 2*m - 6571. Is x prime?
False
Let n be (38/(-5))/(46/115). Let c(m) = -31*m - 24. Is c(n) composite?
True
Suppose a - 2949 = 5*l - 9332, 0 = l - a - 1279. Let k = 604 - 937. Let x = k + l. Is x a composite number?
True
Let d(b) = b**3 + 3*b**2 + 2293. Let r be d(0). Let i = r + -672. Is i prime?
True
Suppose 0 = -3*o - 15, 8*w - 40 = 4*w + 4*o. Suppose -7 - 3 = -3*c + t, 0 = 5*c - w*t. Suppose -c*i - 3 = -373. Is i a prime number?
False
Let d(j) = 3*j**2 - 17*j - 3. Let c be d(6). Suppose 23 = c*x + 11. Is -587*-1*(x + -3) composite?
False
Suppose -41*g + 294